{"id":1845,"date":"2025-03-10T13:24:56","date_gmt":"2025-03-10T13:24:56","guid":{"rendered":"https:\/\/strzelnicadolinawierzby.pl\/index.php\/strona-glowna-english\/"},"modified":"2025-03-10T15:16:48","modified_gmt":"2025-03-10T15:16:48","slug":"strona-glowna-english","status":"publish","type":"page","link":"https:\/\/strzelnicadolinawierzby.pl\/index.php\/en\/strona-glowna-english\/","title":{"rendered":"Home page &#8211; English"},"content":{"rendered":"<style>.kb-row-layout-id1849_2ebff1-b9 > .kt-row-column-wrap{align-content:start;}:where(.kb-row-layout-id1849_2ebff1-b9 > .kt-row-column-wrap) > .wp-block-kadence-column{justify-content:start;}.kb-row-layout-id1849_2ebff1-b9 > .kt-row-column-wrap{column-gap:var(--global-kb-gap-md, 2rem);row-gap:var(--global-kb-gap-md, 2rem);max-width:var( --global-content-width, 1290px );padding-left:var(--global-content-edge-padding);padding-right:var(--global-content-edge-padding);padding-top:375px;padding-right:0px;padding-bottom:0px;padding-left:0px;grid-template-columns:minmax(0, 1fr);}.kb-row-layout-id1849_2ebff1-b9 > .kt-row-layout-overlay{opacity:0.28;background-color:var(--global-palette3, #1A202C);mix-blend-mode:normal;}@media all and (max-width: 1024px){.kb-row-layout-id1849_2ebff1-b9 > .kt-row-column-wrap{grid-template-columns:minmax(0, 1fr);}}@media all and (max-width: 767px){.kb-row-layout-id1849_2ebff1-b9 > .kt-row-column-wrap{padding-top:200px;padding-bottom:var(--global-kb-spacing-xl, 4rem);grid-template-columns:minmax(0, 1fr);}}<\/style><div class=\"kb-row-layout-wrap kb-row-layout-id1849_2ebff1-b9 alignnone kt-row-has-bg wp-block-kadence-rowlayout\"><div class=\"kb-blocks-bg-video-container\"><video class=\"kb-blocks-bg-video\" id=\"bg-row-video-1849_2ebff1-b9\" playsinline loop src=\"https:\/\/strzelnicadolinawierzby.pl\/wp-content\/uploads\/2025\/02\/strona-glowna-strzelnica_0.mp4\" autoplay><\/video><div class=\"kb-background-video-buttons-wrapper kb-background-video-buttons-html5\"><button class=\"kb-background-video-play kb-toggle-video-btn\" aria-label=\"Play\" aria-hidden=\"true\" style=\"display: none;\"><svg viewBox=\"0 0 448 512\" height=\"16\" width=\"16\" fill=\"currentColor\" xmlns=\"https:\/\/www.w3.org\/2000\/svg\"><path d=\"M424.4 214.7L72.4 6.6C43.8-10.3 0 6.1 0 47.9V464c0 37.5 40.7 60.1 72.4 41.3l352-208c31.4-18.5 31.5-64.1 0-82.6z\"><\/path><\/svg><\/button><button class=\"kb-background-video-pause kb-toggle-video-btn\" aria-label=\"Pause\" aria-hidden=\"false\"><svg viewBox=\"0 0 448 512\" height=\"16\" width=\"16\" fill=\"currentColor\" xmlns=\"https:\/\/www.w3.org\/2000\/svg\"><path d=\"M144 479H48c-26.5 0-48-21.5-48-48V79c0-26.5 21.5-48 48-48h96c26.5 0 48 21.5 48 48v352c0 26.5-21.5 48-48 48zm304-48V79c0-26.5-21.5-48-48-48h-96c-26.5 0-48 21.5-48 48v352c0 26.5 21.5 48 48 48h96c26.5 0 48-21.5 48-48z\"><\/path><\/svg><\/button><button class=\"kb-background-video-unmute kb-toggle-video-btn\" aria-label=\"Unmute\" aria-hidden=\"true\" style=\"display: none;\"><svg viewBox=\"0 0 256 512\" height=\"16\" width=\"16\" fill=\"currentColor\" xmlns=\"https:\/\/www.w3.org\/2000\/svg\"><path d=\"M256 88.017v335.964c0 21.438-25.943 31.998-40.971 16.971L126.059 352H24c-13.255 0-24-10.745-24-24V184c0-13.255 10.745-24 24-24h102.059l88.971-88.954c15.01-15.01 40.97-4.49 40.97 16.971z\"><\/path><\/svg><\/button><button class=\"kb-background-video-mute kb-toggle-video-btn\" aria-label=\"Mute\" aria-hidden=\"false\"><svg viewBox=\"0 0 576 512\" height=\"16\" width=\"16\" fill=\"currentColor\" xmlns=\"http:\/\/www.w3.org\/2000\/svg\"><path d=\"M256 88.017v335.964c0 21.438-25.943 31.998-40.971 16.971L126.059 352H24c-13.255 0-24-10.745-24-24V184c0-13.255 10.745-24 24-24h102.059l88.971-88.954c15.01-15.01 40.97-4.49 40.97 16.971zm182.056-77.876C422.982.92 403.283 5.668 394.061 20.745c-9.221 15.077-4.473 34.774 10.604 43.995C468.967 104.063 512 174.983 512 256c0 73.431-36.077 142.292-96.507 184.206-14.522 10.072-18.129 30.01-8.057 44.532 10.076 14.528 30.016 18.126 44.531 8.057C529.633 438.927 576 350.406 576 256c0-103.244-54.579-194.877-137.944-245.859zM480 256c0-68.547-36.15-129.777-91.957-163.901-15.076-9.22-34.774-4.471-43.994 10.607-9.22 15.078-4.471 34.774 10.607 43.994C393.067 170.188 416 211.048 416 256c0 41.964-20.62 81.319-55.158 105.276-14.521 10.073-18.128 30.01-8.056 44.532 6.216 8.96 16.185 13.765 26.322 13.765a31.862 31.862 0 0 0 18.21-5.709C449.091 377.953 480 318.938 480 256zm-96 0c0-33.717-17.186-64.35-45.972-81.944-15.079-9.214-34.775-4.463-43.992 10.616s-4.464 34.775 10.615 43.992C314.263 234.538 320 244.757 320 256a32.056 32.056 0 0 1-13.802 26.332c-14.524 10.069-18.136 30.006-8.067 44.53 10.07 14.525 30.008 18.136 44.53 8.067C368.546 316.983 384 287.478 384 256z\"><\/path><\/svg><\/button><\/div><\/div><div class=\"kt-row-layout-overlay kt-row-overlay-normal\"><\/div><div class=\"kt-row-column-wrap kt-has-1-columns kt-row-layout-equal kt-tab-layout-inherit kt-mobile-layout-row kt-row-valign-top kb-theme-content-width\">\n<style>.kadence-column1849_92c745-92 > .kt-inside-inner-col,.kadence-column1849_92c745-92 > .kt-inside-inner-col:before{border-top-left-radius:0px;border-top-right-radius:0px;border-bottom-right-radius:0px;border-bottom-left-radius:0px;}.kadence-column1849_92c745-92 > .kt-inside-inner-col{column-gap:var(--global-kb-gap-sm, 1rem);}.kadence-column1849_92c745-92 > .kt-inside-inner-col{flex-direction:column;}.kadence-column1849_92c745-92 > .kt-inside-inner-col > .aligncenter{width:100%;}.kadence-column1849_92c745-92 > .kt-inside-inner-col:before{opacity:0.3;}.kadence-column1849_92c745-92{position:relative;}@media all and (max-width: 1024px){.kadence-column1849_92c745-92 > .kt-inside-inner-col{flex-direction:column;}}@media all and (max-width: 767px){.kadence-column1849_92c745-92 > .kt-inside-inner-col{flex-direction:column;}}<\/style>\n<div class=\"wp-block-kadence-column kadence-column1849_92c745-92\"><div class=\"kt-inside-inner-col\"><h2 class=\"wp-block-heading has-text-align-center has-theme-palette-9-color has-text-color has-link-color has-xxlarge-font-size wp-elements-56b1aebeb9cfa5bdbeb2b9a15972b62f\"><strong>Twoje miejsce na strzeleckie wyzwania<\/strong><\/h2><\/div><\/div>\n\n<style>.kadence-column1849_fd4ce5-51 > .kt-inside-inner-col{padding-bottom:var(--global-kb-spacing-3xl, 6.5rem);}.kadence-column1849_fd4ce5-51 > .kt-inside-inner-col,.kadence-column1849_fd4ce5-51 > .kt-inside-inner-col:before{border-top-left-radius:0px;border-top-right-radius:0px;border-bottom-right-radius:0px;border-bottom-left-radius:0px;}.kadence-column1849_fd4ce5-51 > .kt-inside-inner-col{column-gap:var(--global-kb-gap-sm, 1rem);}.kadence-column1849_fd4ce5-51 > .kt-inside-inner-col{flex-direction:column;}.kadence-column1849_fd4ce5-51 > .kt-inside-inner-col > .aligncenter{width:100%;}.kadence-column1849_fd4ce5-51 > .kt-inside-inner-col:before{opacity:0.3;}.kadence-column1849_fd4ce5-51{position:relative;}@media all and (max-width: 1024px){.kadence-column1849_fd4ce5-51 > .kt-inside-inner-col{flex-direction:column;}}@media all and (max-width: 767px){.kadence-column1849_fd4ce5-51 > .kt-inside-inner-col{flex-direction:column;}}<\/style>\n<div class=\"wp-block-kadence-column kadence-column1849_fd4ce5-51\"><div class=\"kt-inside-inner-col\"><div class=\"wp-block-columns is-layout-flex wp-container-core-columns-is-layout-1 wp-block-columns-is-layout-flex\"><div class=\"wp-block-column is-layout-flow wp-block-column-is-layout-flow\"><style>.wp-block-kadence-advancedbtn.kb-btns1849_049bd1-fe{gap:var(--global-kb-gap-xs, 0.5rem );justify-content:flex-end;align-items:center;}.kt-btns1849_049bd1-fe .kt-button{font-weight:normal;font-style:normal;}.kt-btns1849_049bd1-fe .kt-btn-wrap-0{margin-right:5px;}.wp-block-kadence-advancedbtn.kt-btns1849_049bd1-fe .kt-btn-wrap-0 .kt-button{color:#555555;border-color:#555555;}.wp-block-kadence-advancedbtn.kt-btns1849_049bd1-fe .kt-btn-wrap-0 .kt-button:hover, .wp-block-kadence-advancedbtn.kt-btns1849_049bd1-fe .kt-btn-wrap-0 .kt-button:focus{color:#ffffff;border-color:#444444;}.wp-block-kadence-advancedbtn.kt-btns1849_049bd1-fe .kt-btn-wrap-0 .kt-button::before{display:none;}.wp-block-kadence-advancedbtn.kt-btns1849_049bd1-fe .kt-btn-wrap-0 .kt-button:hover, .wp-block-kadence-advancedbtn.kt-btns1849_049bd1-fe .kt-btn-wrap-0 .kt-button:focus{background:#444444;}<\/style>\n<div class=\"wp-block-kadence-advancedbtn kb-buttons-wrap kb-btns1849_049bd1-fe\"><style>ul.menu .wp-block-kadence-advancedbtn .kb-btn1849_929f87-2c.kb-button{width:initial;}.wp-block-kadence-advancedbtn .kb-btn1849_929f87-2c.kb-button{color:var(--global-palette9, #ffffff);border-top-color:var(--global-palette7, #EDF2F7);border-top-style:solid;border-right-color:var(--global-palette7, #EDF2F7);border-right-style:solid;border-bottom-color:var(--global-palette7, #EDF2F7);border-bottom-style:solid;border-left-color:var(--global-palette7, #EDF2F7);border-left-style:solid;}.wp-block-kadence-advancedbtn .kb-btn1849_929f87-2c.kb-button:hover, .wp-block-kadence-advancedbtn .kb-btn1849_929f87-2c.kb-button:focus{color:var(--global-palette7, #EDF2F7);border-top-color:#744103;border-top-style:solid;border-right-color:#744103;border-right-style:solid;border-bottom-color:#744103;border-bottom-style:solid;border-left-color:#744103;border-left-style:solid;}@media all and (max-width: 1024px){.wp-block-kadence-advancedbtn .kb-btn1849_929f87-2c.kb-button{border-top-color:var(--global-palette7, #EDF2F7);border-top-style:solid;border-right-color:var(--global-palette7, #EDF2F7);border-right-style:solid;border-bottom-color:var(--global-palette7, #EDF2F7);border-bottom-style:solid;border-left-color:var(--global-palette7, #EDF2F7);border-left-style:solid;}}@media all and (max-width: 1024px){.wp-block-kadence-advancedbtn .kb-btn1849_929f87-2c.kb-button:hover, .wp-block-kadence-advancedbtn .kb-btn1849_929f87-2c.kb-button:focus{border-top-color:#744103;border-top-style:solid;border-right-color:#744103;border-right-style:solid;border-bottom-color:#744103;border-bottom-style:solid;border-left-color:#744103;border-left-style:solid;}}@media all and (max-width: 1024px){.kb-btn1849_929f87-2c.kb-button .kb-svg-icon-wrap{display:block;}}@media all and (max-width: 767px){.wp-block-kadence-advancedbtn .kb-btn1849_929f87-2c.kb-button{border-top-color:var(--global-palette7, #EDF2F7);border-top-style:solid;border-right-color:var(--global-palette7, #EDF2F7);border-right-style:solid;border-bottom-color:var(--global-palette7, #EDF2F7);border-bottom-style:solid;border-left-color:var(--global-palette7, #EDF2F7);border-left-style:solid;}.wp-block-kadence-advancedbtn .kb-btn1849_929f87-2c.kb-button:hover, .wp-block-kadence-advancedbtn .kb-btn1849_929f87-2c.kb-button:focus{border-top-color:#744103;border-top-style:solid;border-right-color:#744103;border-right-style:solid;border-bottom-color:#744103;border-bottom-style:solid;border-left-color:#744103;border-left-style:solid;}}<\/style><a class=\"kb-button kt-button button kb-btn1849_929f87-2c kt-btn-size-large kt-btn-width-type-auto kb-btn-global-outline kt-btn-has-text-true kt-btn-has-svg-false wp-block-kadence-singlebtn\" href=\"https:\/\/strzelnicadolinawierzby.pl\/index.php\/kontakt\/\"><span class=\"kt-btn-inner-text\">Skontaktuj sie z nami<\/span><\/a><\/div><\/div>\n\n<div class=\"wp-block-column is-layout-flow wp-block-column-is-layout-flow\"><style>.wp-block-kadence-advancedbtn.kb-btns1849_f1a4df-b7{gap:var(--global-kb-gap-xs, 0.5rem );justify-content:flex-start;align-items:center;}.kt-btns1849_f1a4df-b7 .kt-button{font-weight:normal;font-style:normal;}.kt-btns1849_f1a4df-b7 .kt-btn-wrap-0{margin-right:5px;}.wp-block-kadence-advancedbtn.kt-btns1849_f1a4df-b7 .kt-btn-wrap-0 .kt-button{color:#555555;border-color:#555555;}.wp-block-kadence-advancedbtn.kt-btns1849_f1a4df-b7 .kt-btn-wrap-0 .kt-button:hover, .wp-block-kadence-advancedbtn.kt-btns1849_f1a4df-b7 .kt-btn-wrap-0 .kt-button:focus{color:#ffffff;border-color:#444444;}.wp-block-kadence-advancedbtn.kt-btns1849_f1a4df-b7 .kt-btn-wrap-0 .kt-button::before{display:none;}.wp-block-kadence-advancedbtn.kt-btns1849_f1a4df-b7 .kt-btn-wrap-0 .kt-button:hover, .wp-block-kadence-advancedbtn.kt-btns1849_f1a4df-b7 .kt-btn-wrap-0 .kt-button:focus{background:#444444;}<\/style>\n<div class=\"wp-block-kadence-advancedbtn kb-buttons-wrap kb-btns1849_f1a4df-b7\"><style>ul.menu .wp-block-kadence-advancedbtn .kb-btn1849_f65932-ec.kb-button{width:initial;}.wp-block-kadence-advancedbtn .kb-btn1849_f65932-ec.kb-button{color:var(--global-palette9, #ffffff);border-top-color:var(--global-palette7, #EDF2F7);border-top-style:solid;border-right-color:var(--global-palette7, #EDF2F7);border-right-style:solid;border-bottom-color:var(--global-palette7, #EDF2F7);border-bottom-style:solid;border-left-color:var(--global-palette7, #EDF2F7);border-left-style:solid;}.wp-block-kadence-advancedbtn .kb-btn1849_f65932-ec.kb-button:hover, .wp-block-kadence-advancedbtn .kb-btn1849_f65932-ec.kb-button:focus{color:var(--global-palette7, #EDF2F7);border-top-color:#eeeeee;border-top-style:solid;border-right-color:#eeeeee;border-right-style:solid;border-bottom-color:#eeeeee;border-bottom-style:solid;border-left-color:#eeeeee;border-left-style:solid;}@media all and (max-width: 1024px){.wp-block-kadence-advancedbtn .kb-btn1849_f65932-ec.kb-button{border-top-color:var(--global-palette7, #EDF2F7);border-top-style:solid;border-right-color:var(--global-palette7, #EDF2F7);border-right-style:solid;border-bottom-color:var(--global-palette7, #EDF2F7);border-bottom-style:solid;border-left-color:var(--global-palette7, #EDF2F7);border-left-style:solid;}}@media all and (max-width: 1024px){.wp-block-kadence-advancedbtn .kb-btn1849_f65932-ec.kb-button:hover, .wp-block-kadence-advancedbtn .kb-btn1849_f65932-ec.kb-button:focus{border-top-color:#eeeeee;border-top-style:solid;border-right-color:#eeeeee;border-right-style:solid;border-bottom-color:#eeeeee;border-bottom-style:solid;border-left-color:#eeeeee;border-left-style:solid;}}@media all and (max-width: 1024px){.kb-btn1849_f65932-ec.kb-button .kb-svg-icon-wrap{display:block;}}@media all and (max-width: 767px){.wp-block-kadence-advancedbtn .kb-btn1849_f65932-ec.kb-button{border-top-color:var(--global-palette7, #EDF2F7);border-top-style:solid;border-right-color:var(--global-palette7, #EDF2F7);border-right-style:solid;border-bottom-color:var(--global-palette7, #EDF2F7);border-bottom-style:solid;border-left-color:var(--global-palette7, #EDF2F7);border-left-style:solid;}.wp-block-kadence-advancedbtn .kb-btn1849_f65932-ec.kb-button:hover, .wp-block-kadence-advancedbtn .kb-btn1849_f65932-ec.kb-button:focus{border-top-color:#eeeeee;border-top-style:solid;border-right-color:#eeeeee;border-right-style:solid;border-bottom-color:#eeeeee;border-bottom-style:solid;border-left-color:#eeeeee;border-left-style:solid;}}<\/style><a class=\"kb-button kt-button button kb-btn1849_f65932-ec kt-btn-size-large kt-btn-width-type-auto kb-btn-global-outline kt-btn-has-text-true kt-btn-has-svg-false wp-block-kadence-singlebtn\" href=\"https:\/\/strzelnicadolinawierzby.pl\/index.php\/oferta\/\"><span class=\"kt-btn-inner-text\">Sprawd\u017a nasz\u0105 ofert\u0119<\/span><\/a><\/div><\/div><\/div>\n\n<div class=\"wp-block-columns is-layout-flex wp-container-core-columns-is-layout-2 wp-block-columns-is-layout-flex\"><div class=\"wp-block-column is-layout-flow wp-block-column-is-layout-flow\"><\/div><\/div><\/div><\/div>\n<\/div><\/div>","protected":false},"excerpt":{"rendered":"","protected":false},"author":1,"featured_media":0,"parent":0,"menu_order":0,"comment_status":"closed","ping_status":"closed","template":"","meta":{"_kadence_starter_templates_imported_post":false,"_kad_post_transparent":"","_kad_post_title":"","_kad_post_layout":"","_kad_post_sidebar_id":"","_kad_post_content_style":"","_kad_post_vertical_padding":"","_kad_post_feature":"","_kad_post_feature_position":"","_kad_post_header":false,"_kad_post_footer":false,"footnotes":""},"class_list":["post-1845","page","type-page","status-publish","hentry"],"_links":{"self":[{"href":"https:\/\/strzelnicadolinawierzby.pl\/index.php\/wp-json\/wp\/v2\/pages\/1845","targetHints":{"allow":["GET"]}}],"collection":[{"href":"https:\/\/strzelnicadolinawierzby.pl\/index.php\/wp-json\/wp\/v2\/pages"}],"about":[{"href":"https:\/\/strzelnicadolinawierzby.pl\/index.php\/wp-json\/wp\/v2\/types\/page"}],"author":[{"embeddable":true,"href":"https:\/\/strzelnicadolinawierzby.pl\/index.php\/wp-json\/wp\/v2\/users\/1"}],"replies":[{"embeddable":true,"href":"https:\/\/strzelnicadolinawierzby.pl\/index.php\/wp-json\/wp\/v2\/comments?post=1845"}],"version-history":[{"count":3,"href":"https:\/\/strzelnicadolinawierzby.pl\/index.php\/wp-json\/wp\/v2\/pages\/1845\/revisions"}],"predecessor-version":[{"id":1856,"href":"https:\/\/strzelnicadolinawierzby.pl\/index.php\/wp-json\/wp\/v2\/pages\/1845\/revisions\/1856"}],"wp:attachment":[{"href":"https:\/\/strzelnicadolinawierzby.pl\/index.php\/wp-json\/wp\/v2\/media?parent=1845"}],"curies":[{"name":"wp","href":"https:\/\/api.w.org\/{rel}","templated":true}]}}